 - b. What are the prime factors of t?
2, 11
Let j be (-18)/(-8) - (-2)/(-8). What are the prime factors of 4/(-2) + j*4?
2, 3
Let o = 28 - -17. List the prime factors of o.
3, 5
Suppose 4*k + 5*s - 165 = 0, 5*k - s - 228 = -0*s. List the prime factors of k.
3, 5
Suppose 5 + 5 = 5*a. Suppose -o - 54 = a*o. Let v = -7 - o. What are the prime factors of v?
11
Let x = -21 - -27. Suppose -3*s = -x*s + 84. List the prime factors of s.
2, 7
Let p(j) be the first derivative of j**3/3 + 2*j**2 - 7*j - 5. List the prime factors of p(-6).
5
Let u(g) = -g + 9. Let k be u(-7). Let i = 23 - 33. Let o = i + k. List the prime factors of o.
2, 3
Let r be 0*(-1)/(-2) - 6. What are the prime factors of ((-18)/8)/(r/32)?
2, 3
Let x = -55 - -91. List the prime factors of x.
2, 3
What are the prime factors of 1308/(-36)*4/(12/(-9))?
109
Suppose -a + q = 8, -4*a + q - 20 = -0*q. Let f be 144/40 - a/10. Let c = 13 - f. What are the prime factors of c?
3
Let s = -61 - -102. What are the prime factors of s?
41
Suppose -c + 5 - 15 = 5*z, 2*c + 2 = -4*z. List the prime factors of c.
5
Suppose 4*a - 20 = -2*d, -4 - 7 = d - 5*a. Suppose -j + 14 = -d. What are the prime factors of (j/4)/(3/6)?
3
Let b = -58 + 108. List the prime factors of b.
2, 5
Suppose o - 4*k - 46 = 0, 2*k = -4 + 2. List the prime factors of o.
2, 3, 7
Let c = -8 + 20. Suppose -j = -2, -2*b + 5*j + c = -34. List the prime factors of b.
2, 7
Let t(m) be the second derivative of 11/2*m**2 + m**4 + 1/20*m**5 + 11/6*m**3 + 0 + 4*m. List the prime factors of t(-11).
11
Suppose 0 = c + 11 - 3. Let y(n) = n**2 + 10*n + 10. Let b be y(c). Let x = 13 + b. What are the prime factors of x?
7
Suppose n + 3*i - 22 = 0, 5*n + 4*i - 140 = -i. Suppose 155 = 5*h - 2*a + 4*a, -5*a = -h + n. List the prime factors of h.
31
Let q = -21 + 25. What are the prime factors of q?
2
Let i = -17 + 19. List the prime factors of i.
2
Let i(j) = -j**3 + 5*j**2 - 4*j. Let u be i(4). Let y(z) = -z. Let k be y(u). Let s(q) = q**3 + q**2 + 13. What are the prime factors of s(k)?
13
Suppose 67 = -4*q + 315. What are the prime factors of q?
2, 31
Suppose 324 = 5*n + 44. List the prime factors of (-2)/(-6) - n/(-12).
5
Let w = 14 - 24. What are the prime factors of 16*1 + 13 + w?
19
Let i be (-20)/(-2)*(-4)/(-8). Let w = i + 20. List the prime factors of w.
5
Let d(m) = m**2 - 4*m + 1. Let j be d(3). List the prime factors of (20/(j + 3))/2.
2, 5
Let x = 2 - 1. Suppose x + 39 = 5*k - 5*p, -p - 3 = 0. Let b = k + 10. List the prime factors of b.
3, 5
What are the prime factors of (-14)/5*690/(-6) + 4?
2, 163
Let v(y) = 18*y**2 - 2*y. Let m be v(-2). Let i be -3*(m/(-6) + 2). Suppose -5*w = 2*t + 7, 6*t - w = 3*t + i. List the prime factors of t.
3
List the prime factors of ((-376)/3)/((-14)/21).
2, 47
Let a = -32 + 22. Let s = -3 - a. What are the prime factors of s?
7
Suppose 9*t - 15 = 1758. What are the prime factors of t?
197
Let v = 167 - 95. What are the prime factors of v?
2, 3
Suppose f - 5*w + 5 = 0, 2*f + w + 9 = -45. Let o be 4/(-10) - 110/f. Let m(d) = -d**3 + 4*d**2 + 2*d - 6. List the prime factors of m(o).
2
Suppose 4*l + 0*z - 5*z - 36 = 0, -5*z - 20 = 0. What are the prime factors of l?
2
Suppose -5*l = -25, 4*l - 33 = -2*h + h. Suppose h*g - 235 = 8*g. List the prime factors of g.
47
Let a(q) be the first derivative of 3*q**4/4 + q**3/3 - q - 3. Let g be a(1). Suppose 5*d - g*o - 37 = 0, 0 = -d - 4*o + 12. What are the prime factors of d?
2
Let f(x) = 4*x**3 - 2*x - 5. List the prime factors of f(4).
3
Let j(a) = 13*a + 1. Let k be j(1). Let g = k - 6. What are the prime factors of g?
2
Suppose 44 = 2*o - o - 2*i, -o - 5*i = -9. What are the prime factors of o?
2, 17
Suppose 17 = 3*z - 5*z + m, -4*z = 2*m + 46. Let g = z + 23. List the prime factors of g.
13
Let s be 18/10 - (-1)/5. Suppose -m - 13 = -s*m. List the prime factors of m.
13
Let x be (4/(-5))/((-3)/15). Let q be 6/x*4/(-3). What are the prime factors of q/((-5)/(75/6))?
5
Let w(n) = 7 - n**3 - 3*n**3 - 8*n + 14*n**2 - 2*n**3. Let h(q) = -q**3 + q**2 + 1. Let s(v) = -5*h(v) + w(v). What are the prime factors of s(8)?
2
Suppose 3*j + 2*r = 277, 362 = 5*j + 2*r - 93. What are the prime factors of j?
89
Let l be (-2)/((4/6)/(-1)). Suppose -3*p + 25 = 2*m - 43, -l*m + 68 = -4*p. What are the prime factors of m?
2, 7
Let f(u) = -u**2 + 5*u - 2. Let x be f(4). Suppose 5*d - m = 74, 16 = d - x*m + 3. What are the prime factors of d?
3, 5
Suppose 0 = 2*p - 3*p + 31. List the prime factors of p.
31
Let f be 3 + 71 + (0 - 0). Suppose -41 - f = 5*d. Let o = -11 - d. What are the prime factors of o?
2, 3
Let s(h) = -h**2 - 7*h - 1. Let d be s(-5). List the prime factors of 10 - (-6)/d*3.
2, 3
Let h = -16 - -23. List the prime factors of h.
7
Let i = 585 + -319. List the prime factors of i.
2, 7, 19
Let q = 71 + -12. Let r = q + -41. List the prime factors of r.
2, 3
Suppose 5*w = k - 18, -3*w = 3*k - 0*k. Let l(o) = o**3 - 2*o**2 + 2*o - 1. Let g be l(3). Suppose -k*v = 2 - g. What are the prime factors of v?
2
Suppose -6*j + 72 = -5*j. Let z = j - 45. List the prime factors of z.
3
Let j(l) = -l**2 + 13*l - 3. List the prime factors of j(10).
3
Suppose -4*o - o = -70. Suppose -4*w - o + 154 = -4*j, -j = 4*w - 140. Suppose 0 = 2*d + 3*d - w. What are the prime factors of d?
7
Suppose -2*k = 8, -4*k + 12 = 5*l + 73. Let w = 12 + l. List the prime factors of w.
3
Suppose 5*p - 15 = 10. Suppose -x - 5 = 0, 3*x = -3*c + p*x + 40. List the prime factors of (5 + -7)/((-2)/c).
2, 5
Suppose -3*r = -15, -5*j - 3*r + 560 + 110 = 0. List the prime factors of j.
131
Suppose -f + 139 = 5*r, -2*r = -4*f + 23 + 577. List the prime factors of f.
149
Suppose -49 = 3*t + 5*l, 2*t - 4*l = -2 + 6. Let d = -4 - t. List the prime factors of d.
2
Let k = 175 - 97. What are the prime factors of k?
2, 3, 13
Suppose d = 2*o - 100, -4*d + 2*d = -o + 47. What are the prime factors of o?
3, 17
Suppose 3*s = -0*s + 255. What are the prime factors of s?
5, 17
Suppose 4*h = 2*c + 16, 0*h = 4*h + 2*c - 8. Suppose z = 2*z - 5*w - 8, 2*z - h*w - 23 = 0. What are the prime factors of z?
13
Suppose -4*r = 2*n + 18, -2*n - 4*r - 33 = 3*n. Let x(v) = v**2 + 1. List the prime factors of x(n).
2, 13
Let f = -10 - -23. Let u = f - 10. List the prime factors of u.
3
Let k = -70 - -132. What are the prime factors of k?
2, 31
Suppose -3*l + 5*l - 6 = 0. Let x = 5 - l. What are the prime factors of (x/3*21)/2?
7
Suppose -b - 8*b = -558. Let z be 18/5 - (-2)/5. Suppose 14 = -z*h + b. List the prime factors of h.
2, 3
Suppose 0 = 3*k - 6*k + 237. What are the prime factors of k?
79
Let p(b) = b**2 + b - 20. Let h(a) = -a**2 - a + 21. Let k(z) = -5*h(z) - 6*p(z). List the prime factors of k(0).
3, 5
Let x be (-10)/(-4) + (-3)/6. Suppose -x*q + 43 = 5*p, 2*p - 24 = -2*p + q. What are the prime factors of p?
7
Let j = 36 + -21. List the prime factors of j.
3, 5
Let a = 9 - 6. Suppose 0*j = -5*j + h + 73, -j - a*h + 21 = 0. What are the prime factors of j?
3, 5
Suppose -5*b = -43 - 42. List the prime factors of b.
17
Suppose -2*d - 216 = -6*d. What are the prime factors of d?
2, 3
Suppose 2*k - 4*n + 0 = 4, 3*n + 21 = 3*k. What are the prime factors of k?
2, 3
Suppose -2*q + 48 = u, -2*u + 5*q = u - 133. Suppose -u = -2*m + 36. What are the prime factors of m?
41
What are the prime factors of (-20 + (1 - 0))*-3?
3, 19
Let j be 18/(-2)*12/(-36). Suppose -4*y = -2*y - 30. Suppose 0*g - 5*h - 19 = j*g, -y = 3*h. List the prime factors of g.
2
Let x = 393 - 130. List the prime factors of x.
263
Let g = -18 - -39. What are the prime factors of 2/3 + 490/g?
2, 3
Let p be (-6 - -4)*(0 + 1). Let v = p - -7. Suppose 0 = -s + 2 + v. List the prime factors of s.
7
Let l be (-2 - 3)*(-4)/5. Suppose 25 = z + l*z. Let x = 8 - z. List the prime factors of x.
3
Let k be 0 + 3 + (-13 - -10). What are the prime factors of 192/12 - (3 + k)?
13
Let q(r) = r**3 + 4*r**2 - 2*r + 3. Let f be q(-5). List the prime factors of ((-4)/f)/(1/39).
13
Let l be (-3 + 2)/((-2)/28). Suppose 2*c - 4*c + l = 0. What are the prime factors of c?
7
Let i(p) = -7*p + 2. Let d be i(-2). Let o = d + -22. Let t = o + 10. What are the prime factors of t?
2
Suppose 0*l + 2*l + 6 = s, 10 = -5*l. Let x(m) = -5*m**s - m**3 - 1 + 4 - 5*m - 3. List the prime factors o